{"id":12,"date":"2026-03-19T17:53:08","date_gmt":"2026-03-19T16:53:08","guid":{"rendered":"https:\/\/ine-predmety.ucimesaweby.sk\/ptw\/varsavikova\/?page_id=12"},"modified":"2026-03-19T22:13:04","modified_gmt":"2026-03-19T21:13:04","slug":"skycomfort","status":"publish","type":"page","link":"https:\/\/ine-predmety.ucimesaweby.sk\/ptw\/varsavikova\/","title":{"rendered":"SKYcomfort"},"content":{"rendered":"\n<div class=\"wp-block-cover is-light\"><img loading=\"lazy\" decoding=\"async\" width=\"512\" height=\"512\" class=\"wp-block-cover__image-background wp-image-15 size-full\" alt=\"\" src=\"https:\/\/ine-predmety.ucimesaweby.sk\/ptw\/varsavikova\/wp-content\/uploads\/2026\/03\/IMG_5291.png\" data-object-fit=\"cover\" srcset=\"https:\/\/ine-predmety.ucimesaweby.sk\/ptw\/varsavikova\/wp-content\/uploads\/2026\/03\/IMG_5291.png 512w, https:\/\/ine-predmety.ucimesaweby.sk\/ptw\/varsavikova\/wp-content\/uploads\/2026\/03\/IMG_5291-300x300.png 300w, https:\/\/ine-predmety.ucimesaweby.sk\/ptw\/varsavikova\/wp-content\/uploads\/2026\/03\/IMG_5291-150x150.png 150w\" sizes=\"auto, (max-width: 512px) 100vw, 512px\" \/><span aria-hidden=\"true\" class=\"wp-block-cover__background has-background-dim\" style=\"background-color:#f3e100\"><\/span><div class=\"wp-block-cover__inner-container is-layout-constrained wp-block-cover-is-layout-constrained\">\n<p class=\"has-text-align-center has-black-color has-text-color has-link-color has-large-font-size wp-elements-b4b50ed3882af0a25af1c9fdb2510c75\">Komfortn\u00e9 lietanie za dostupn\u00fa cenu<\/p>\n<\/div><\/div>\n\n\n\n<p class=\"has-text-align-center has-medium-font-size\">Za\u017ei viac priestoru bez vysok\u00fdch n\u00e1kladov<\/p>\n\n\n\n<div class=\"wp-block-buttons is-content-justification-center is-layout-flex wp-container-core-buttons-is-layout-a89b3969 wp-block-buttons-is-layout-flex\">\n<div class=\"wp-block-button has-custom-width wp-block-button__width-100\"><a class=\"wp-block-button__link wp-element-button\">Zisti viac<\/a><\/div>\n<\/div>\n\n\n\n<p class=\"has-text-align-center has-luminous-vivid-amber-background-color has-background has-large-font-size\">O N\u00c1S<\/p>\n\n\n\n<p class=\"has-text-align-center has-black-color has-text-color has-link-color has-medium-font-size wp-elements-8cae8504962ee2eddb34348ba4e41a49\">SkyComfort pon\u00faka pr\u00e9miov\u00fd z\u00e1\u017eitok z lietania za cenu, ktor\u00fa si m\u00f4\u017ee dovoli\u0165 ka\u017ed\u00fd. Viac miesta, v\u00e4\u010d\u0161\u00ed komfort a dostupn\u00e9 ceny.<\/p>\n\n\n\n<div class=\"wp-block-group is-layout-constrained wp-block-group-is-layout-constrained\">\n<figure class=\"wp-block-gallery has-nested-images columns-default is-cropped wp-block-gallery-1 is-layout-flex wp-block-gallery-is-layout-flex\">\n<figure class=\"wp-block-image size-large is-style-default wp-duotone-purple-yellow\"><img loading=\"lazy\" decoding=\"async\" width=\"1024\" height=\"576\" data-id=\"33\" src=\"https:\/\/ine-predmety.ucimesaweby.sk\/ptw\/varsavikova\/wp-content\/uploads\/2026\/03\/8PektkpTURBXy82N2ZhNDAzOTI1MTUzN2I4YzEwOWU2NWU0MTU2NTcwNC5qcGeSlQMAAM0IAM0EgJUCzQfQAMLD-1024x576.jpg\" alt=\"\" class=\"wp-image-33\" srcset=\"https:\/\/ine-predmety.ucimesaweby.sk\/ptw\/varsavikova\/wp-content\/uploads\/2026\/03\/8PektkpTURBXy82N2ZhNDAzOTI1MTUzN2I4YzEwOWU2NWU0MTU2NTcwNC5qcGeSlQMAAM0IAM0EgJUCzQfQAMLD-1024x576.jpg 1024w, https:\/\/ine-predmety.ucimesaweby.sk\/ptw\/varsavikova\/wp-content\/uploads\/2026\/03\/8PektkpTURBXy82N2ZhNDAzOTI1MTUzN2I4YzEwOWU2NWU0MTU2NTcwNC5qcGeSlQMAAM0IAM0EgJUCzQfQAMLD-300x169.jpg 300w, https:\/\/ine-predmety.ucimesaweby.sk\/ptw\/varsavikova\/wp-content\/uploads\/2026\/03\/8PektkpTURBXy82N2ZhNDAzOTI1MTUzN2I4YzEwOWU2NWU0MTU2NTcwNC5qcGeSlQMAAM0IAM0EgJUCzQfQAMLD-768x432.jpg 768w, https:\/\/ine-predmety.ucimesaweby.sk\/ptw\/varsavikova\/wp-content\/uploads\/2026\/03\/8PektkpTURBXy82N2ZhNDAzOTI1MTUzN2I4YzEwOWU2NWU0MTU2NTcwNC5qcGeSlQMAAM0IAM0EgJUCzQfQAMLD-1536x864.jpg 1536w, https:\/\/ine-predmety.ucimesaweby.sk\/ptw\/varsavikova\/wp-content\/uploads\/2026\/03\/8PektkpTURBXy82N2ZhNDAzOTI1MTUzN2I4YzEwOWU2NWU0MTU2NTcwNC5qcGeSlQMAAM0IAM0EgJUCzQfQAMLD.jpg 2000w\" sizes=\"auto, (max-width: 1024px) 100vw, 1024px\" \/><\/figure>\n\n\n\n<figure class=\"wp-block-image size-large\"><img loading=\"lazy\" decoding=\"async\" width=\"1024\" height=\"576\" data-id=\"34\" src=\"https:\/\/ine-predmety.ucimesaweby.sk\/ptw\/varsavikova\/wp-content\/uploads\/2026\/03\/lietadlo-vzlieta-1024x576.jpg\" alt=\"\" class=\"wp-image-34\" srcset=\"https:\/\/ine-predmety.ucimesaweby.sk\/ptw\/varsavikova\/wp-content\/uploads\/2026\/03\/lietadlo-vzlieta-1024x576.jpg 1024w, https:\/\/ine-predmety.ucimesaweby.sk\/ptw\/varsavikova\/wp-content\/uploads\/2026\/03\/lietadlo-vzlieta-300x169.jpg 300w, https:\/\/ine-predmety.ucimesaweby.sk\/ptw\/varsavikova\/wp-content\/uploads\/2026\/03\/lietadlo-vzlieta-768x432.jpg 768w, https:\/\/ine-predmety.ucimesaweby.sk\/ptw\/varsavikova\/wp-content\/uploads\/2026\/03\/lietadlo-vzlieta.jpg 1280w\" sizes=\"auto, (max-width: 1024px) 100vw, 1024px\" \/><\/figure>\n\n\n\n<figure class=\"wp-block-image aligncenter size-large wp-duotone-blue-orange\"><img loading=\"lazy\" decoding=\"async\" width=\"1024\" height=\"538\" data-id=\"35\" src=\"https:\/\/ine-predmety.ucimesaweby.sk\/ptw\/varsavikova\/wp-content\/uploads\/2026\/03\/P4QktktTURBXy8yNDBkMjRlMy1mYTMwLTQ2MjYtYTI0ZC1lZmM2ZDJhNzRiODEucG5nkZUCzQfQAMLD-1024x538.png\" alt=\"\" class=\"wp-image-35\" srcset=\"https:\/\/ine-predmety.ucimesaweby.sk\/ptw\/varsavikova\/wp-content\/uploads\/2026\/03\/P4QktktTURBXy8yNDBkMjRlMy1mYTMwLTQ2MjYtYTI0ZC1lZmM2ZDJhNzRiODEucG5nkZUCzQfQAMLD-1024x538.png 1024w, https:\/\/ine-predmety.ucimesaweby.sk\/ptw\/varsavikova\/wp-content\/uploads\/2026\/03\/P4QktktTURBXy8yNDBkMjRlMy1mYTMwLTQ2MjYtYTI0ZC1lZmM2ZDJhNzRiODEucG5nkZUCzQfQAMLD-300x158.png 300w, https:\/\/ine-predmety.ucimesaweby.sk\/ptw\/varsavikova\/wp-content\/uploads\/2026\/03\/P4QktktTURBXy8yNDBkMjRlMy1mYTMwLTQ2MjYtYTI0ZC1lZmM2ZDJhNzRiODEucG5nkZUCzQfQAMLD-768x403.png 768w, https:\/\/ine-predmety.ucimesaweby.sk\/ptw\/varsavikova\/wp-content\/uploads\/2026\/03\/P4QktktTURBXy8yNDBkMjRlMy1mYTMwLTQ2MjYtYTI0ZC1lZmM2ZDJhNzRiODEucG5nkZUCzQfQAMLD.png 1200w\" sizes=\"auto, (max-width: 1024px) 100vw, 1024px\" \/><\/figure>\n<\/figure>\n<\/div>\n\n\n\n<p class=\"has-text-align-center has-luminous-vivid-amber-background-color has-background has-large-font-size\">KONTAKT<\/p>\n\n\n\n<div class=\"wpcf7 no-js\" id=\"wpcf7-f23-o1\" lang=\"sk-SK\" dir=\"ltr\" data-wpcf7-id=\"23\">\n<div class=\"screen-reader-response\"><p role=\"status\" aria-live=\"polite\" aria-atomic=\"true\"><\/p> <ul><\/ul><\/div>\n<form action=\"\/ptw\/varsavikova\/wp-json\/wp\/v2\/pages\/12#wpcf7-f23-o1\" method=\"post\" class=\"wpcf7-form init\" aria-label=\"Kontaktn\u00fd formul\u00e1r\" novalidate=\"novalidate\" data-status=\"init\">\n<fieldset class=\"hidden-fields-container\"><input type=\"hidden\" name=\"_wpcf7\" value=\"23\" \/><input type=\"hidden\" name=\"_wpcf7_version\" value=\"6.1.5\" \/><input type=\"hidden\" name=\"_wpcf7_locale\" value=\"sk_SK\" \/><input type=\"hidden\" name=\"_wpcf7_unit_tag\" value=\"wpcf7-f23-o1\" \/><input type=\"hidden\" name=\"_wpcf7_container_post\" value=\"0\" \/><input type=\"hidden\" name=\"_wpcf7_posted_data_hash\" value=\"\" \/>\n<\/fieldset>\n<p><label> Va\u0161e meno<br \/>\n<span class=\"wpcf7-form-control-wrap\" data-name=\"your-name\"><input size=\"40\" maxlength=\"400\" class=\"wpcf7-form-control wpcf7-text wpcf7-validates-as-required\" autocomplete=\"name\" aria-required=\"true\" aria-invalid=\"false\" value=\"\" type=\"text\" name=\"your-name\" \/><\/span> <\/label>\n<\/p>\n<p><label> V\u00e1\u0161 email<br \/>\n<span class=\"wpcf7-form-control-wrap\" data-name=\"your-email\"><input size=\"40\" maxlength=\"400\" class=\"wpcf7-form-control wpcf7-email wpcf7-validates-as-required wpcf7-text wpcf7-validates-as-email\" autocomplete=\"email\" aria-required=\"true\" aria-invalid=\"false\" value=\"\" type=\"email\" name=\"your-email\" \/><\/span> <\/label>\n<\/p>\n<p><label> Predmet<br \/>\n<span class=\"wpcf7-form-control-wrap\" data-name=\"your-subject\"><input size=\"40\" maxlength=\"400\" class=\"wpcf7-form-control wpcf7-text wpcf7-validates-as-required\" aria-required=\"true\" aria-invalid=\"false\" value=\"\" type=\"text\" name=\"your-subject\" \/><\/span> <\/label>\n<\/p>\n<p><label> Va\u0161a spr\u00e1va (volite\u013en\u00e9)<br \/>\n<span class=\"wpcf7-form-control-wrap\" data-name=\"your-message\"><textarea cols=\"40\" rows=\"10\" maxlength=\"2000\" class=\"wpcf7-form-control wpcf7-textarea\" aria-invalid=\"false\" name=\"your-message\"><\/textarea><\/span> <\/label>\n<\/p>\n<p><input class=\"wpcf7-form-control wpcf7-submit has-spinner\" type=\"submit\" value=\"Odosla\u0165\" \/>\n<\/p><div class=\"wpcf7-response-output\" aria-hidden=\"true\"><\/div>\n<\/form>\n<\/div>\n\n\n\n\n<p class=\"has-text-align-center\">\ud83d\udce7 info@skycomfort.com<br>\ud83d\udcde +421 900 000 000<\/p>\n\n\n\n<p><\/p>\n","protected":false},"excerpt":{"rendered":"<p>Za\u017ei viac priestoru bez vysok\u00fdch n\u00e1kladov O N\u00c1S SkyComfort pon\u00faka pr\u00e9miov\u00fd z\u00e1\u017eitok z lietania za cenu, ktor\u00fa si m\u00f4\u017ee dovoli\u0165 [&hellip;]<\/p>\n","protected":false},"author":1,"featured_media":0,"parent":0,"menu_order":0,"comment_status":"closed","ping_status":"closed","template":"","meta":{"site-sidebar-layout":"default","site-content-layout":"","ast-site-content-layout":"default","site-content-style":"default","site-sidebar-style":"default","ast-global-header-display":"","ast-banner-title-visibility":"","ast-main-header-display":"","ast-hfb-above-header-display":"","ast-hfb-below-header-display":"","ast-hfb-mobile-header-display":"","site-post-title":"","ast-breadcrumbs-content":"","ast-featured-img":"","footer-sml-layout":"","ast-disable-related-posts":"","theme-transparent-header-meta":"","adv-header-id-meta":"","stick-header-meta":"","header-above-stick-meta":"","header-main-stick-meta":"","header-below-stick-meta":"","astra-migrate-meta-layouts":"default","ast-page-background-enabled":"default","ast-page-background-meta":{"desktop":{"background-color":"var(--ast-global-color-5)","background-image":"","background-repeat":"repeat","background-position":"center center","background-size":"auto","background-attachment":"scroll","background-type":"","background-media":"","overlay-type":"","overlay-color":"","overlay-opacity":"","overlay-gradient":""},"tablet":{"background-color":"","background-image":"","background-repeat":"repeat","background-position":"center center","background-size":"auto","background-attachment":"scroll","background-type":"","background-media":"","overlay-type":"","overlay-color":"","overlay-opacity":"","overlay-gradient":""},"mobile":{"background-color":"","background-image":"","background-repeat":"repeat","background-position":"center center","background-size":"auto","background-attachment":"scroll","background-type":"","background-media":"","overlay-type":"","overlay-color":"","overlay-opacity":"","overlay-gradient":""}},"ast-content-background-meta":{"desktop":{"background-color":"var(--ast-global-color-4)","background-image":"","background-repeat":"repeat","background-position":"center center","background-size":"auto","background-attachment":"scroll","background-type":"","background-media":"","overlay-type":"","overlay-color":"","overlay-opacity":"","overlay-gradient":""},"tablet":{"background-color":"var(--ast-global-color-4)","background-image":"","background-repeat":"repeat","background-position":"center center","background-size":"auto","background-attachment":"scroll","background-type":"","background-media":"","overlay-type":"","overlay-color":"","overlay-opacity":"","overlay-gradient":""},"mobile":{"background-color":"var(--ast-global-color-4)","background-image":"","background-repeat":"repeat","background-position":"center center","background-size":"auto","background-attachment":"scroll","background-type":"","background-media":"","overlay-type":"","overlay-color":"","overlay-opacity":"","overlay-gradient":""}},"footnotes":""},"class_list":["post-12","page","type-page","status-publish","hentry"],"_links":{"self":[{"href":"https:\/\/ine-predmety.ucimesaweby.sk\/ptw\/varsavikova\/wp-json\/wp\/v2\/pages\/12","targetHints":{"allow":["GET"]}}],"collection":[{"href":"https:\/\/ine-predmety.ucimesaweby.sk\/ptw\/varsavikova\/wp-json\/wp\/v2\/pages"}],"about":[{"href":"https:\/\/ine-predmety.ucimesaweby.sk\/ptw\/varsavikova\/wp-json\/wp\/v2\/types\/page"}],"author":[{"embeddable":true,"href":"https:\/\/ine-predmety.ucimesaweby.sk\/ptw\/varsavikova\/wp-json\/wp\/v2\/users\/1"}],"replies":[{"embeddable":true,"href":"https:\/\/ine-predmety.ucimesaweby.sk\/ptw\/varsavikova\/wp-json\/wp\/v2\/comments?post=12"}],"version-history":[{"count":9,"href":"https:\/\/ine-predmety.ucimesaweby.sk\/ptw\/varsavikova\/wp-json\/wp\/v2\/pages\/12\/revisions"}],"predecessor-version":[{"id":36,"href":"https:\/\/ine-predmety.ucimesaweby.sk\/ptw\/varsavikova\/wp-json\/wp\/v2\/pages\/12\/revisions\/36"}],"wp:attachment":[{"href":"https:\/\/ine-predmety.ucimesaweby.sk\/ptw\/varsavikova\/wp-json\/wp\/v2\/media?parent=12"}],"curies":[{"name":"wp","href":"https:\/\/api.w.org\/{rel}","templated":true}]}}