{"id":537,"date":"2026-04-29T13:22:14","date_gmt":"2026-04-29T11:22:14","guid":{"rendered":"https:\/\/ine-predmety.ucimesaweby.sk\/ptw\/toth\/?post_type=product&#038;p=537"},"modified":"2026-04-29T13:23:38","modified_gmt":"2026-04-29T11:23:38","slug":"mega-dream-ex-booster-box-japonsky","status":"publish","type":"product","link":"https:\/\/ine-predmety.ucimesaweby.sk\/ptw\/toth\/produkt\/mega-dream-ex-booster-box-japonsky\/","title":{"rendered":"Mega Dream Ex &#8211; Booster Box &#8211; Japonsk\u00fd"},"content":{"rendered":"<p>Cel\u00e9 balenie obsahuje 10 samostatn\u00fdch booster bal\u00ed\u010dkov, pri\u010dom ka\u017ed\u00fd z nich ukr\u00fdva presne 10 pr\u00e9miov\u00fdch kariet. Japonsk\u00e9 ed\u00edcie s\u00fa zn\u00e1me svojou vysokou kvalitou, no tento set pon\u00faka e\u0161te nie\u010do navy\u0161e.<\/p>\n<p data-path-to-node=\"8\"><b data-path-to-node=\"8\" data-index-in-node=\"0\">Hlavn\u00e9 \u0165ah\u00e1ky tohto produktu:<\/b><\/p>\n<ul data-path-to-node=\"9\">\n<li>\n<p data-path-to-node=\"9,0,0\"><b data-path-to-node=\"9,0,0\" data-index-in-node=\"0\">Garantovan\u00e1 rarita:<\/b> Ka\u017ed\u00fd jeden bal\u00ed\u010dek obsahuje minim\u00e1lne jednu kartu Pok\u00e9mon ex alebo Mega Evolution ex.<\/p>\n<\/li>\n<li>\n<p data-path-to-node=\"9,1,0\"><b data-path-to-node=\"9,1,0\" data-index-in-node=\"0\">N\u00e1vrat legiend:<\/b> O\u017eivte svoju hru s popul\u00e1rnymi Mega evol\u00faciami v \u00fachvatnom japonskom polygrafickom spracovan\u00ed.<\/p>\n<\/li>\n<li>\n<p data-path-to-node=\"9,2,0\"><b data-path-to-node=\"9,2,0\" data-index-in-node=\"0\">Bohat\u00fd obsah:<\/b> Z\u00edskate celkovo 100 kvalitn\u00fdch kariet, \u010d\u00edm mas\u00edvne roz\u0161\u00edrite svoje hern\u00e9 aj zberate\u013esk\u00e9 mo\u017enosti.<\/p>\n<\/li>\n<\/ul>\n<p data-path-to-node=\"10\">Nenechajte ni\u010d na n\u00e1hodu a posilnite svoj hern\u00fd bal\u00ed\u010dek zaru\u010den\u00fdmi hitmi. Objednajte si booster box <b data-path-to-node=\"10\" data-index-in-node=\"100\">MEGA Dream ex<\/b> e\u0161te dnes a ulovte tie najvz\u00e1cnej\u0161ie k\u00fasky do svojej kolekcie!<\/p>\n","protected":false},"excerpt":{"rendered":"<p>Cel\u00e9 balenie obsahuje 10 samostatn\u00fdch booster bal\u00ed\u010dkov, pri\u010dom ka\u017ed\u00fd z nich ukr\u00fdva presne 10 pr\u00e9miov\u00fdch kariet. Japonsk\u00e9 ed\u00edcie s\u00fa zn\u00e1me svojou vysokou kvalitou, no tento set pon\u00faka e\u0161te nie\u010do navy\u0161e. [&hellip;]<\/p>\n","protected":false},"featured_media":538,"comment_status":"open","ping_status":"closed","template":"","meta":[],"product_brand":[33],"product_cat":[31],"product_tag":[],"class_list":{"0":"post-537","1":"product","2":"type-product","3":"status-publish","4":"has-post-thumbnail","6":"product_brand-booster","7":"product_cat-japonske","9":"first","10":"instock","11":"taxable","12":"shipping-taxable","13":"purchasable","14":"product-type-simple"},"aioseo_notices":[],"_links":{"self":[{"href":"https:\/\/ine-predmety.ucimesaweby.sk\/ptw\/toth\/wp-json\/wp\/v2\/product\/537","targetHints":{"allow":["GET"]}}],"collection":[{"href":"https:\/\/ine-predmety.ucimesaweby.sk\/ptw\/toth\/wp-json\/wp\/v2\/product"}],"about":[{"href":"https:\/\/ine-predmety.ucimesaweby.sk\/ptw\/toth\/wp-json\/wp\/v2\/types\/product"}],"replies":[{"embeddable":true,"href":"https:\/\/ine-predmety.ucimesaweby.sk\/ptw\/toth\/wp-json\/wp\/v2\/comments?post=537"}],"wp:featuredmedia":[{"embeddable":true,"href":"https:\/\/ine-predmety.ucimesaweby.sk\/ptw\/toth\/wp-json\/wp\/v2\/media\/538"}],"wp:attachment":[{"href":"https:\/\/ine-predmety.ucimesaweby.sk\/ptw\/toth\/wp-json\/wp\/v2\/media?parent=537"}],"wp:term":[{"taxonomy":"product_brand","embeddable":true,"href":"https:\/\/ine-predmety.ucimesaweby.sk\/ptw\/toth\/wp-json\/wp\/v2\/product_brand?post=537"},{"taxonomy":"product_cat","embeddable":true,"href":"https:\/\/ine-predmety.ucimesaweby.sk\/ptw\/toth\/wp-json\/wp\/v2\/product_cat?post=537"},{"taxonomy":"product_tag","embeddable":true,"href":"https:\/\/ine-predmety.ucimesaweby.sk\/ptw\/toth\/wp-json\/wp\/v2\/product_tag?post=537"}],"curies":[{"name":"wp","href":"https:\/\/api.w.org\/{rel}","templated":true}]}}