{"id":527,"date":"2026-04-29T13:06:27","date_gmt":"2026-04-29T11:06:27","guid":{"rendered":"https:\/\/ine-predmety.ucimesaweby.sk\/ptw\/toth\/?post_type=product&#038;p=527"},"modified":"2026-04-29T13:06:27","modified_gmt":"2026-04-29T11:06:27","slug":"mega-lucario-ex-figure-collection-box","status":"publish","type":"product","link":"https:\/\/ine-predmety.ucimesaweby.sk\/ptw\/toth\/produkt\/mega-lucario-ex-figure-collection-box\/","title":{"rendered":"Mega Lucario &#8211; Ex Figure Collection Box"},"content":{"rendered":"<p>\ud83e\udd4b \u00dadern\u00e1 sila je tu v podobe <b data-path-to-node=\"2\" data-index-in-node=\"115\">Mega Lucario EX Figure Collection<\/b>! \ud83d\udca5 Ak patr\u00ed\u0161 medzi fan\u00fa\u0161ikov tohto ikonick\u00e9ho bojovn\u00edka, tento set jednoducho mus\u00ed\u0161 ma\u0165. \u010co v\u0161etko box ukr\u00fdva? \u2728 Nadupan\u00fa promo kartu Mega Lucario EX \ud83d\uddfd Detailn\u00fa zberate\u013esk\u00fa fig\u00farku \ud83d\udce6 4 skvel\u00e9 boostery <strong>(2x <i data-path-to-node=\"2\" data-index-in-node=\"357\">Mega Evolution<\/i>, 1x <i data-path-to-node=\"2\" data-index-in-node=\"376\">Destined Rivals<\/i>, 1x <i data-path-to-node=\"2\" data-index-in-node=\"396\">Journey Together<\/i>)<\/strong> Oboha\u0165 svoju zbierku a posilni svoj hern\u00fd bal\u00ed\u010dek e\u0161te dnes! \ud83e\udd4a Kto si br\u00fasi zuby na t\u00fato fig\u00farku? \ud83d\udc47<\/p>\n","protected":false},"excerpt":{"rendered":"<p>\ud83e\udd4b \u00dadern\u00e1 sila je tu v podobe Mega Lucario EX Figure Collection! \ud83d\udca5 Ak patr\u00ed\u0161 medzi fan\u00fa\u0161ikov tohto ikonick\u00e9ho bojovn\u00edka, tento set jednoducho mus\u00ed\u0161 ma\u0165. \u010co v\u0161etko box ukr\u00fdva? \u2728 [&hellip;]<\/p>\n","protected":false},"featured_media":528,"comment_status":"open","ping_status":"closed","template":"","meta":[],"product_brand":[],"product_cat":[30],"product_tag":[],"class_list":{"0":"post-527","1":"product","2":"type-product","3":"status-publish","4":"has-post-thumbnail","6":"product_cat-mega-evolution","8":"first","9":"instock","10":"sold-individually","11":"taxable","12":"shipping-taxable","13":"purchasable","14":"product-type-simple"},"aioseo_notices":[],"_links":{"self":[{"href":"https:\/\/ine-predmety.ucimesaweby.sk\/ptw\/toth\/wp-json\/wp\/v2\/product\/527","targetHints":{"allow":["GET"]}}],"collection":[{"href":"https:\/\/ine-predmety.ucimesaweby.sk\/ptw\/toth\/wp-json\/wp\/v2\/product"}],"about":[{"href":"https:\/\/ine-predmety.ucimesaweby.sk\/ptw\/toth\/wp-json\/wp\/v2\/types\/product"}],"replies":[{"embeddable":true,"href":"https:\/\/ine-predmety.ucimesaweby.sk\/ptw\/toth\/wp-json\/wp\/v2\/comments?post=527"}],"wp:featuredmedia":[{"embeddable":true,"href":"https:\/\/ine-predmety.ucimesaweby.sk\/ptw\/toth\/wp-json\/wp\/v2\/media\/528"}],"wp:attachment":[{"href":"https:\/\/ine-predmety.ucimesaweby.sk\/ptw\/toth\/wp-json\/wp\/v2\/media?parent=527"}],"wp:term":[{"taxonomy":"product_brand","embeddable":true,"href":"https:\/\/ine-predmety.ucimesaweby.sk\/ptw\/toth\/wp-json\/wp\/v2\/product_brand?post=527"},{"taxonomy":"product_cat","embeddable":true,"href":"https:\/\/ine-predmety.ucimesaweby.sk\/ptw\/toth\/wp-json\/wp\/v2\/product_cat?post=527"},{"taxonomy":"product_tag","embeddable":true,"href":"https:\/\/ine-predmety.ucimesaweby.sk\/ptw\/toth\/wp-json\/wp\/v2\/product_tag?post=527"}],"curies":[{"name":"wp","href":"https:\/\/api.w.org\/{rel}","templated":true}]}}