{"id":131,"date":"2026-04-30T11:19:49","date_gmt":"2026-04-30T09:19:49","guid":{"rendered":"https:\/\/ine-predmety.ucimesaweby.sk\/ptw\/eshop-vorcak\/?post_type=product&#038;p=131"},"modified":"2026-04-30T11:27:32","modified_gmt":"2026-04-30T09:27:32","slug":"iphone-17-black-256gb","status":"publish","type":"product","link":"https:\/\/ine-predmety.ucimesaweby.sk\/ptw\/eshop-vorcak\/produkt\/iphone-17-black-256gb\/","title":{"rendered":"iPhone 17 Black &#8211; 256GB"},"content":{"rendered":"<p>iPhone 17 Black 256 GB \u2013 v\u00fdkonn\u00fd a elegantn\u00fd smartf\u00f3n s modern\u00fdm dizajnom, \u0161pi\u010dkov\u00fdm fotoapar\u00e1tom a plynul\u00fdm chodom v\u010faka najnov\u0161iemu \u010dipu. Ide\u00e1lny na pr\u00e1cu, z\u00e1bavu aj ka\u017edodenn\u00e9 pou\u017e\u00edvanie, s dostato\u010dnou kapacitou pre v\u0161etky va\u0161e d\u00e1ta.<\/p>\n","protected":false},"excerpt":{"rendered":"<p>iPhone 17 Black 256 GB \u2013 v\u00fdkonn\u00fd a elegantn\u00fd smartf\u00f3n s modern\u00fdm dizajnom, \u0161pi\u010dkov\u00fdm fotoapar\u00e1tom a plynul\u00fdm chodom v\u010faka najnov\u0161iemu \u010dipu. Ide\u00e1lny na pr\u00e1cu, z\u00e1bavu aj ka\u017edodenn\u00e9 pou\u017e\u00edvanie, s dostato\u010dnou kapacitou pre v\u0161etky va\u0161e d\u00e1ta.<\/p>\n","protected":false},"featured_media":133,"comment_status":"open","ping_status":"closed","template":"","meta":[],"product_brand":[],"product_cat":[18],"product_tag":[],"class_list":{"0":"post-131","1":"product","2":"type-product","3":"status-publish","4":"has-post-thumbnail","6":"product_cat-mobily","8":"first","9":"instock","10":"taxable","11":"shipping-taxable","12":"purchasable","13":"product-type-simple"},"jetpack_sharing_enabled":true,"_links":{"self":[{"href":"https:\/\/ine-predmety.ucimesaweby.sk\/ptw\/eshop-vorcak\/wp-json\/wp\/v2\/product\/131","targetHints":{"allow":["GET"]}}],"collection":[{"href":"https:\/\/ine-predmety.ucimesaweby.sk\/ptw\/eshop-vorcak\/wp-json\/wp\/v2\/product"}],"about":[{"href":"https:\/\/ine-predmety.ucimesaweby.sk\/ptw\/eshop-vorcak\/wp-json\/wp\/v2\/types\/product"}],"replies":[{"embeddable":true,"href":"https:\/\/ine-predmety.ucimesaweby.sk\/ptw\/eshop-vorcak\/wp-json\/wp\/v2\/comments?post=131"}],"wp:featuredmedia":[{"embeddable":true,"href":"https:\/\/ine-predmety.ucimesaweby.sk\/ptw\/eshop-vorcak\/wp-json\/wp\/v2\/media\/133"}],"wp:attachment":[{"href":"https:\/\/ine-predmety.ucimesaweby.sk\/ptw\/eshop-vorcak\/wp-json\/wp\/v2\/media?parent=131"}],"wp:term":[{"taxonomy":"product_brand","embeddable":true,"href":"https:\/\/ine-predmety.ucimesaweby.sk\/ptw\/eshop-vorcak\/wp-json\/wp\/v2\/product_brand?post=131"},{"taxonomy":"product_cat","embeddable":true,"href":"https:\/\/ine-predmety.ucimesaweby.sk\/ptw\/eshop-vorcak\/wp-json\/wp\/v2\/product_cat?post=131"},{"taxonomy":"product_tag","embeddable":true,"href":"https:\/\/ine-predmety.ucimesaweby.sk\/ptw\/eshop-vorcak\/wp-json\/wp\/v2\/product_tag?post=131"}],"curies":[{"name":"wp","href":"https:\/\/api.w.org\/{rel}","templated":true}]}}