{"id":161,"date":"2026-04-30T14:48:15","date_gmt":"2026-04-30T12:48:15","guid":{"rendered":"https:\/\/ine-predmety.ucimesaweby.sk\/ptw\/eshop-vorcak\/?page_id=161"},"modified":"2026-04-30T14:48:41","modified_gmt":"2026-04-30T12:48:41","slug":"o-nas","status":"publish","type":"page","link":"https:\/\/ine-predmety.ucimesaweby.sk\/ptw\/eshop-vorcak\/o-nas\/","title":{"rendered":"O n\u00e1s"},"content":{"rendered":"\t\t<div data-elementor-type=\"wp-page\" data-elementor-id=\"161\" class=\"elementor elementor-161\">\n\t\t\t\t\t\t<section class=\"elementor-section elementor-top-section elementor-element elementor-element-6ba049b0 elementor-section-height-min-height elementor-section-content-middle elementor-section-boxed elementor-section-height-default elementor-section-items-middle wpr-particle-no wpr-jarallax-no wpr-parallax-no wpr-sticky-section-no wpr-equal-height-no\" data-id=\"6ba049b0\" data-element_type=\"section\" data-e-type=\"section\" data-settings=\"{&quot;background_background&quot;:&quot;classic&quot;}\">\n\t\t\t\t\t\t\t<div class=\"elementor-background-overlay\"><\/div>\n\t\t\t\t\t\t\t<div class=\"elementor-container elementor-column-gap-default\">\n\t\t\t\t\t<div class=\"elementor-column elementor-col-100 elementor-top-column elementor-element elementor-element-5eb7e20c\" data-id=\"5eb7e20c\" data-element_type=\"column\" data-e-type=\"column\">\n\t\t\t<div class=\"elementor-widget-wrap elementor-element-populated\">\n\t\t\t\t\t\t<div class=\"elementor-element elementor-element-168cdf7c elementor-widget elementor-widget-heading\" data-id=\"168cdf7c\" data-element_type=\"widget\" data-e-type=\"widget\" data-widget_type=\"heading.default\">\n\t\t\t\t\t<h2 class=\"elementor-heading-title elementor-size-default\">O n\u00e1s<\/h2>\t\t\t\t<\/div>\n\t\t\t\t\t<\/div>\n\t\t<\/div>\n\t\t\t\t\t<\/div>\n\t\t<\/section>\n\t\t\t\t<section class=\"elementor-section elementor-top-section elementor-element elementor-element-335dbe2e elementor-section-boxed elementor-section-height-default elementor-section-height-default wpr-particle-no wpr-jarallax-no wpr-parallax-no wpr-sticky-section-no wpr-equal-height-no\" data-id=\"335dbe2e\" data-element_type=\"section\" data-e-type=\"section\">\n\t\t\t\t\t\t<div class=\"elementor-container elementor-column-gap-default\">\n\t\t\t\t\t<div class=\"elementor-column elementor-col-50 elementor-top-column elementor-element elementor-element-2ea070f9\" data-id=\"2ea070f9\" data-element_type=\"column\" data-e-type=\"column\">\n\t\t\t<div class=\"elementor-widget-wrap elementor-element-populated\">\n\t\t\t\t\t\t<div class=\"elementor-element elementor-element-55ad6d60 wpr-lottie-svg elementor-widget elementor-widget-wpr-lottie-animations\" data-id=\"55ad6d60\" data-element_type=\"widget\" data-e-type=\"widget\" data-settings=\"{&quot;json_file&quot;:{&quot;url&quot;:&quot;https:\\\/\\\/ine-predmety.ucimesaweby.sk\\\/ptw\\\/eshop-vorcak\\\/wp-content\\\/plugins\\\/elementor\\\/assets\\\/images\\\/placeholder.png&quot;,&quot;id&quot;:&quot;&quot;,&quot;size&quot;:&quot;&quot;},&quot;trigger&quot;:&quot;none&quot;}\" data-widget_type=\"wpr-lottie-animations.default\">\n\t\t\t\t\t<div class=\"wpr-lottie-animations-wrapper\"><div class=\"wpr-lottie-animations\" data-settings=\"{&quot;loop&quot;:&quot;yes&quot;,&quot;autoplay&quot;:&quot;yes&quot;,&quot;speed&quot;:0.8000000000000000444089209850062616169452667236328125,&quot;trigger&quot;:&quot;none&quot;,&quot;reverse&quot;:&quot;&quot;,&quot;scroll_start&quot;:&quot;0&quot;,&quot;scroll_end&quot;:&quot;100&quot;,&quot;lottie_renderer&quot;:&quot;svg&quot;}\" data-json-url=\"https:\/\/ine-predmety.ucimesaweby.sk\/ptw\/eshop-vorcak\/wp-content\/plugins\/elementor\/assets\/images\/placeholder.png\"><\/div><\/div>\t\t\t\t<\/div>\n\t\t\t\t<div class=\"elementor-element elementor-element-149fed5 elementor-widget elementor-widget-image\" data-id=\"149fed5\" data-element_type=\"widget\" data-e-type=\"widget\" data-widget_type=\"image.default\">\n\t\t\t\t\t\t\t\t\t\t\t\t\t\t\t<img fetchpriority=\"high\" decoding=\"async\" width=\"225\" height=\"225\" src=\"https:\/\/ine-predmety.ucimesaweby.sk\/ptw\/eshop-vorcak\/wp-content\/uploads\/2026\/04\/extreme_B.png\" class=\"attachment-2048x2048 size-2048x2048 wp-image-201\" alt=\"\" srcset=\"https:\/\/ine-predmety.ucimesaweby.sk\/ptw\/eshop-vorcak\/wp-content\/uploads\/2026\/04\/extreme_B.png 225w, https:\/\/ine-predmety.ucimesaweby.sk\/ptw\/eshop-vorcak\/wp-content\/uploads\/2026\/04\/extreme_B-150x150.png 150w, https:\/\/ine-predmety.ucimesaweby.sk\/ptw\/eshop-vorcak\/wp-content\/uploads\/2026\/04\/extreme_B-100x100.png 100w\" sizes=\"(max-width: 225px) 100vw, 225px\" \/>\t\t\t\t\t\t\t\t\t\t\t\t\t\t\t<\/div>\n\t\t\t\t\t<\/div>\n\t\t<\/div>\n\t\t\t\t<div class=\"elementor-column elementor-col-50 elementor-top-column elementor-element elementor-element-1f0fd86b\" data-id=\"1f0fd86b\" data-element_type=\"column\" data-e-type=\"column\">\n\t\t\t<div class=\"elementor-widget-wrap elementor-element-populated\">\n\t\t\t\t\t\t<div class=\"elementor-element elementor-element-b021c44 elementor-widget elementor-widget-heading\" data-id=\"b021c44\" data-element_type=\"widget\" data-e-type=\"widget\" data-widget_type=\"heading.default\">\n\t\t\t\t\t<h2 class=\"elementor-heading-title elementor-size-default\">V oblasti IT u\u017e 20 rokov<\/h2>\t\t\t\t<\/div>\n\t\t\t\t<div class=\"elementor-element elementor-element-36f943a6 elementor-widget elementor-widget-text-editor\" data-id=\"36f943a6\" data-element_type=\"widget\" data-e-type=\"widget\" data-widget_type=\"text-editor.default\">\n\t\t\t\t\t\t\t\t\t<p>V na\u0161ej ponuke n\u00e1jdete bohat\u00fd sortiment hardware a software od popredn\u00fdch svetov\u00fdch v\u00fdrobcov renomovan\u00fdch zna\u010diek. V\u00fdhodou je nielen nastavenie dobrej cenovej politiky, ale hlavne odborn\u00e9 poradenstvo pri v\u00fdbere toho spr\u00e1vneho rie\u0161enia pre z\u00e1kazn\u00edka. Okrem toho poskytujem kompletn\u00fd servis spojen\u00fd s in\u0161tal\u00e1ciou, spr\u00e1vou a technickou podporou zariaden\u00ed v na\u0161ej ponuke. To n\u00e1m umo\u017enilo sta\u0165 sa spo\u013eahliv\u00fdm a stabiln\u00fdm partnerom mnoh\u00fdch na\u0161ich spokojn\u00fdch z\u00e1kazn\u00edkov, \u010di u\u017e v s\u00fakromnom, komer\u010dnom, alebo verejnom sektore.<\/p><h2><strong>Servis<\/strong><\/h2><p>Sme tu pre v\u00e1s u\u017e 14 rokov. Od za\u010diatku kladieme d\u00f4raz na komplexn\u00e9 pokrytie po\u017eiadaviek z\u00e1kazn\u00edkov v oblasti IT.Na\u0161ou prioritou je individu\u00e1lny, osobn\u00fd a promptn\u00fd pr\u00edstup.To z n\u00e1s rob\u00ed v spojen\u00ed s f\u00e9rovou cenovou politikou spo\u013eahliv\u00e9ho partnera \u010di u\u017e s\u00fakromnom, alebo komer\u010dnom sektore.<\/p>\t\t\t\t\t\t\t\t<\/div>\n\t\t\t\t\t<\/div>\n\t\t<\/div>\n\t\t\t\t\t<\/div>\n\t\t<\/section>\n\t\t\t\t<section class=\"elementor-section elementor-top-section elementor-element elementor-element-5dc3c017 elementor-section-boxed elementor-section-height-default elementor-section-height-default wpr-particle-no wpr-jarallax-no wpr-parallax-no wpr-sticky-section-no wpr-equal-height-no\" data-id=\"5dc3c017\" data-element_type=\"section\" data-e-type=\"section\" data-settings=\"{&quot;shape_divider_bottom&quot;:&quot;pyramids&quot;,&quot;shape_divider_bottom_negative&quot;:&quot;yes&quot;}\">\n\t\t\t\t\t<div class=\"elementor-shape elementor-shape-bottom\" aria-hidden=\"true\" data-negative=\"true\">\n\t\t\t<svg xmlns=\"http:\/\/www.w3.org\/2000\/svg\" viewBox=\"0 0 1000 100\" preserveAspectRatio=\"none\">\n\t<path class=\"elementor-shape-fill\" d=\"M761.9,40.6L643.1,24L333.9,93.8L0.1,1H0v99h1000V1\"\/>\n<\/svg>\t\t<\/div>\n\t\t\t\t\t<div class=\"elementor-container elementor-column-gap-default\">\n\t\t\t\t\t<div class=\"elementor-column elementor-col-100 elementor-top-column elementor-element elementor-element-1218157\" data-id=\"1218157\" data-element_type=\"column\" data-e-type=\"column\">\n\t\t\t<div class=\"elementor-widget-wrap\">\n\t\t\t\t\t\t\t<\/div>\n\t\t<\/div>\n\t\t\t\t\t<\/div>\n\t\t<\/section>\n\t\t\t\t<\/div>\n\t\t","protected":false},"excerpt":{"rendered":"<p>O n\u00e1s V oblasti IT u\u017e 20 rokov V na\u0161ej ponuke n\u00e1jdete bohat\u00fd sortiment hardware a software od popredn\u00fdch svetov\u00fdch v\u00fdrobcov renomovan\u00fdch zna\u010diek. V\u00fdhodou je nielen nastavenie dobrej cenovej politiky, ale hlavne odborn\u00e9 poradenstvo pri v\u00fdbere toho spr\u00e1vneho rie\u0161enia pre z\u00e1kazn\u00edka. Okrem toho poskytujem kompletn\u00fd servis spojen\u00fd s in\u0161tal\u00e1ciou, spr\u00e1vou a technickou podporou zariaden\u00ed v na\u0161ej ponuke. To n\u00e1m umo\u017enilo sta\u0165 sa spo\u013eahliv\u00fdm a stabiln\u00fdm partnerom mnoh\u00fdch na\u0161ich spokojn\u00fdch z\u00e1kazn\u00edkov, \u010di u\u017e v s\u00fakromnom, komer\u010dnom, alebo verejnom sektore. Servis Sme tu pre v\u00e1s u\u017e 14 rokov. Od za\u010diatku kladieme d\u00f4raz na komplexn\u00e9 pokrytie po\u017eiadaviek z\u00e1kazn\u00edkov v oblasti IT.Na\u0161ou prioritou je individu\u00e1lny, osobn\u00fd a promptn\u00fd pr\u00edstup.To z n\u00e1s rob\u00ed v spojen\u00ed s f\u00e9rovou cenovou politikou spo\u013eahliv\u00e9ho partnera \u010di u\u017e s\u00fakromnom, alebo komer\u010dnom sektore.<\/p>\n","protected":false},"author":1,"featured_media":0,"parent":0,"menu_order":0,"comment_status":"closed","ping_status":"closed","template":"","meta":{"footnotes":""},"class_list":["post-161","page","type-page","status-publish","hentry"],"jetpack_sharing_enabled":true,"_links":{"self":[{"href":"https:\/\/ine-predmety.ucimesaweby.sk\/ptw\/eshop-vorcak\/wp-json\/wp\/v2\/pages\/161","targetHints":{"allow":["GET"]}}],"collection":[{"href":"https:\/\/ine-predmety.ucimesaweby.sk\/ptw\/eshop-vorcak\/wp-json\/wp\/v2\/pages"}],"about":[{"href":"https:\/\/ine-predmety.ucimesaweby.sk\/ptw\/eshop-vorcak\/wp-json\/wp\/v2\/types\/page"}],"author":[{"embeddable":true,"href":"https:\/\/ine-predmety.ucimesaweby.sk\/ptw\/eshop-vorcak\/wp-json\/wp\/v2\/users\/1"}],"replies":[{"embeddable":true,"href":"https:\/\/ine-predmety.ucimesaweby.sk\/ptw\/eshop-vorcak\/wp-json\/wp\/v2\/comments?post=161"}],"version-history":[{"count":4,"href":"https:\/\/ine-predmety.ucimesaweby.sk\/ptw\/eshop-vorcak\/wp-json\/wp\/v2\/pages\/161\/revisions"}],"predecessor-version":[{"id":204,"href":"https:\/\/ine-predmety.ucimesaweby.sk\/ptw\/eshop-vorcak\/wp-json\/wp\/v2\/pages\/161\/revisions\/204"}],"wp:attachment":[{"href":"https:\/\/ine-predmety.ucimesaweby.sk\/ptw\/eshop-vorcak\/wp-json\/wp\/v2\/media?parent=161"}],"curies":[{"name":"wp","href":"https:\/\/api.w.org\/{rel}","templated":true}]}}