{"id":8,"date":"2026-03-22T22:15:39","date_gmt":"2026-03-22T21:15:39","guid":{"rendered":"https:\/\/ine-predmety.ucimesaweby.sk\/ptw\/chudovska\/?page_id=8"},"modified":"2026-03-22T23:19:28","modified_gmt":"2026-03-22T22:19:28","slug":"afterdark","status":"publish","type":"page","link":"https:\/\/ine-predmety.ucimesaweby.sk\/ptw\/chudovska\/","title":{"rendered":"AFTERDARK"},"content":{"rendered":"\n<div class=\"wp-block-cover alignfull has-large-font-size\" style=\"min-height:471px;aspect-ratio:unset;\"><img loading=\"lazy\" decoding=\"async\" width=\"2560\" height=\"1786\" class=\"wp-block-cover__image-background wp-image-16 size-full\" alt=\"\" src=\"https:\/\/ine-predmety.ucimesaweby.sk\/ptw\/chudovska\/wp-content\/uploads\/2026\/03\/o111-scaled.jpg\" style=\"object-position:55% 49%\" data-object-fit=\"cover\" data-object-position=\"55% 49%\" srcset=\"https:\/\/ine-predmety.ucimesaweby.sk\/ptw\/chudovska\/wp-content\/uploads\/2026\/03\/o111-scaled.jpg 2560w, https:\/\/ine-predmety.ucimesaweby.sk\/ptw\/chudovska\/wp-content\/uploads\/2026\/03\/o111-300x209.jpg 300w, https:\/\/ine-predmety.ucimesaweby.sk\/ptw\/chudovska\/wp-content\/uploads\/2026\/03\/o111-1024x714.jpg 1024w, https:\/\/ine-predmety.ucimesaweby.sk\/ptw\/chudovska\/wp-content\/uploads\/2026\/03\/o111-768x536.jpg 768w, https:\/\/ine-predmety.ucimesaweby.sk\/ptw\/chudovska\/wp-content\/uploads\/2026\/03\/o111-1536x1071.jpg 1536w, https:\/\/ine-predmety.ucimesaweby.sk\/ptw\/chudovska\/wp-content\/uploads\/2026\/03\/o111-2048x1429.jpg 2048w\" sizes=\"auto, (max-width: 2560px) 100vw, 2560px\" \/><span aria-hidden=\"true\" class=\"wp-block-cover__background has-background-dim\"><\/span><div class=\"wp-block-cover__inner-container is-layout-flow wp-container-core-cover-is-layout-81d5c4b5 wp-block-cover-is-layout-flow\">\n<h2 class=\"wp-block-heading has-text-align-left has-xx-large-font-size\"><strong>AFTERDARK<\/strong><\/h2>\n\n\n\n<p>Electronic music experience<\/p>\n\n\n\n<p class=\"has-small-font-size\"><\/p>\n<\/div><\/div>\n\n\n\n<div class=\"wp-block-columns is-layout-flex wp-container-core-columns-is-layout-28f84493 wp-block-columns-is-layout-flex\">\n<div class=\"wp-block-column is-layout-flow wp-block-column-is-layout-flow\">\n<h2 class=\"wp-block-heading has-text-align-center\">About us <\/h2>\n\n\n\n<p class=\"has-text-align-center has-medium-font-size\">Afterdark is a project focused on electronic music, underground culture and unforgettable night events. Our goal is to create unique music experiences that combine techno, house and modern club atmosphere.<\/p>\n\n\n\n<p class=\"has-text-align-center has-medium-font-size\"><\/p>\n\n\n\n<div class=\"wp-block-buttons is-content-justification-center is-layout-flex wp-container-core-buttons-is-layout-a89b3969 wp-block-buttons-is-layout-flex\">\n<div class=\"wp-block-button is-style-fill\"><a class=\"wp-block-button__link wp-element-button\" style=\"padding-top:var(--wp--preset--spacing--30);padding-right:var(--wp--preset--spacing--80);padding-bottom:var(--wp--preset--spacing--30);padding-left:var(--wp--preset--spacing--80)\">Zisti viac<\/a><\/div>\n<\/div>\n<\/div>\n<\/div>\n\n\n\n<div class=\"wp-block-columns alignwide is-layout-flex wp-container-core-columns-is-layout-28f84493 wp-block-columns-is-layout-flex\">\n<div class=\"wp-block-column is-layout-flow wp-block-column-is-layout-flow\">\n<figure class=\"wp-block-image size-large\"><img loading=\"lazy\" decoding=\"async\" width=\"1024\" height=\"683\" src=\"https:\/\/ine-predmety.ucimesaweby.sk\/ptw\/chudovska\/wp-content\/uploads\/2026\/03\/ChatGPT-Image-10.-3.-2026-00_21_27-1024x683.png\" alt=\"\" class=\"wp-image-19\" srcset=\"https:\/\/ine-predmety.ucimesaweby.sk\/ptw\/chudovska\/wp-content\/uploads\/2026\/03\/ChatGPT-Image-10.-3.-2026-00_21_27-1024x683.png 1024w, https:\/\/ine-predmety.ucimesaweby.sk\/ptw\/chudovska\/wp-content\/uploads\/2026\/03\/ChatGPT-Image-10.-3.-2026-00_21_27-300x200.png 300w, https:\/\/ine-predmety.ucimesaweby.sk\/ptw\/chudovska\/wp-content\/uploads\/2026\/03\/ChatGPT-Image-10.-3.-2026-00_21_27-768x512.png 768w, https:\/\/ine-predmety.ucimesaweby.sk\/ptw\/chudovska\/wp-content\/uploads\/2026\/03\/ChatGPT-Image-10.-3.-2026-00_21_27.png 1536w\" sizes=\"auto, (max-width: 1024px) 100vw, 1024px\" \/><\/figure>\n<\/div>\n\n\n\n<div class=\"wp-block-column is-layout-flow wp-block-column-is-layout-flow\">\n<figure class=\"wp-block-image size-large\"><img loading=\"lazy\" decoding=\"async\" width=\"1024\" height=\"683\" src=\"https:\/\/ine-predmety.ucimesaweby.sk\/ptw\/chudovska\/wp-content\/uploads\/2026\/03\/o3-1024x683.webp\" alt=\"\" class=\"wp-image-20\" srcset=\"https:\/\/ine-predmety.ucimesaweby.sk\/ptw\/chudovska\/wp-content\/uploads\/2026\/03\/o3-1024x683.webp 1024w, https:\/\/ine-predmety.ucimesaweby.sk\/ptw\/chudovska\/wp-content\/uploads\/2026\/03\/o3-300x200.webp 300w, https:\/\/ine-predmety.ucimesaweby.sk\/ptw\/chudovska\/wp-content\/uploads\/2026\/03\/o3-768x512.webp 768w, https:\/\/ine-predmety.ucimesaweby.sk\/ptw\/chudovska\/wp-content\/uploads\/2026\/03\/o3-1536x1024.webp 1536w, https:\/\/ine-predmety.ucimesaweby.sk\/ptw\/chudovska\/wp-content\/uploads\/2026\/03\/o3.webp 2048w\" sizes=\"auto, (max-width: 1024px) 100vw, 1024px\" \/><\/figure>\n<\/div>\n\n\n\n<div class=\"wp-block-column is-layout-flow wp-block-column-is-layout-flow\">\n<figure class=\"wp-block-image size-large\"><img loading=\"lazy\" decoding=\"async\" width=\"1024\" height=\"683\" src=\"https:\/\/ine-predmety.ucimesaweby.sk\/ptw\/chudovska\/wp-content\/uploads\/2026\/03\/ChatGPT-Image-10.-3.-2026-00_24_53-1024x683.png\" alt=\"\" class=\"wp-image-21\" srcset=\"https:\/\/ine-predmety.ucimesaweby.sk\/ptw\/chudovska\/wp-content\/uploads\/2026\/03\/ChatGPT-Image-10.-3.-2026-00_24_53-1024x683.png 1024w, https:\/\/ine-predmety.ucimesaweby.sk\/ptw\/chudovska\/wp-content\/uploads\/2026\/03\/ChatGPT-Image-10.-3.-2026-00_24_53-300x200.png 300w, https:\/\/ine-predmety.ucimesaweby.sk\/ptw\/chudovska\/wp-content\/uploads\/2026\/03\/ChatGPT-Image-10.-3.-2026-00_24_53-768x512.png 768w, https:\/\/ine-predmety.ucimesaweby.sk\/ptw\/chudovska\/wp-content\/uploads\/2026\/03\/ChatGPT-Image-10.-3.-2026-00_24_53.png 1536w\" sizes=\"auto, (max-width: 1024px) 100vw, 1024px\" \/><\/figure>\n<\/div>\n<\/div>\n\n\n\n<div class=\"wp-block-columns alignwide is-style-default is-layout-flex wp-container-core-columns-is-layout-28f84493 wp-block-columns-is-layout-flex\">\n<div class=\"wp-block-column is-layout-flow wp-block-column-is-layout-flow\">\n<div class=\"wp-block-columns is-layout-flex wp-container-core-columns-is-layout-28f84493 wp-block-columns-is-layout-flex\">\n<div class=\"wp-block-column is-vertically-aligned-center has-contrast-background-color has-background is-layout-flow wp-block-column-is-layout-flow\">\n<p class=\"has-text-align-center has-base-color has-text-color has-link-color has-x-large-font-size wp-elements-5fbc8916aa7b14a578bd7962c59cca77\">CONTACT US<\/p>\n<\/div>\n<\/div>\n<\/div>\n<\/div>\n\n\n\n<div class=\"wp-block-contact-form-7-contact-form-selector\">\n<div class=\"wpcf7 no-js\" id=\"wpcf7-f26-o1\" lang=\"sk-SK\" dir=\"ltr\" data-wpcf7-id=\"26\">\n<div class=\"screen-reader-response\"><p role=\"status\" aria-live=\"polite\" aria-atomic=\"true\"><\/p> <ul><\/ul><\/div>\n<form action=\"\/ptw\/chudovska\/wp-json\/wp\/v2\/pages\/8#wpcf7-f26-o1\" method=\"post\" class=\"wpcf7-form init\" aria-label=\"Kontaktn\u00fd formul\u00e1r\" novalidate=\"novalidate\" data-status=\"init\">\n<fieldset class=\"hidden-fields-container\"><input type=\"hidden\" name=\"_wpcf7\" value=\"26\" \/><input type=\"hidden\" name=\"_wpcf7_version\" value=\"6.1.5\" \/><input type=\"hidden\" name=\"_wpcf7_locale\" value=\"sk_SK\" \/><input type=\"hidden\" name=\"_wpcf7_unit_tag\" value=\"wpcf7-f26-o1\" \/><input type=\"hidden\" name=\"_wpcf7_container_post\" value=\"0\" \/><input type=\"hidden\" name=\"_wpcf7_posted_data_hash\" value=\"\" \/>\n<\/fieldset>\n<p><label> Va\u0161e meno<br \/>\n<span class=\"wpcf7-form-control-wrap\" data-name=\"your-name\"><input size=\"40\" maxlength=\"400\" class=\"wpcf7-form-control wpcf7-text wpcf7-validates-as-required\" autocomplete=\"name\" aria-required=\"true\" aria-invalid=\"false\" value=\"\" type=\"text\" name=\"your-name\" \/><\/span> <\/label>\n<\/p>\n<p><label> V\u00e1\u0161 email<br \/>\n<span class=\"wpcf7-form-control-wrap\" data-name=\"your-email\"><input size=\"40\" maxlength=\"400\" class=\"wpcf7-form-control wpcf7-email wpcf7-validates-as-required wpcf7-text wpcf7-validates-as-email\" autocomplete=\"email\" aria-required=\"true\" aria-invalid=\"false\" value=\"\" type=\"email\" name=\"your-email\" \/><\/span> <\/label>\n<\/p>\n<p><label> Predmet<br \/>\n<span class=\"wpcf7-form-control-wrap\" data-name=\"your-subject\"><input size=\"40\" maxlength=\"400\" class=\"wpcf7-form-control wpcf7-text wpcf7-validates-as-required\" aria-required=\"true\" aria-invalid=\"false\" value=\"\" type=\"text\" name=\"your-subject\" \/><\/span> <\/label>\n<\/p>\n<p><label> Va\u0161a spr\u00e1va (volite\u013en\u00e9)<br \/>\n<span class=\"wpcf7-form-control-wrap\" data-name=\"your-message\"><textarea cols=\"40\" rows=\"10\" maxlength=\"2000\" class=\"wpcf7-form-control wpcf7-textarea\" aria-invalid=\"false\" name=\"your-message\"><\/textarea><\/span> <\/label>\n<\/p>\n<p><input class=\"wpcf7-form-control wpcf7-submit has-spinner\" type=\"submit\" value=\"Odosla\u0165\" \/>\n<\/p><div class=\"wpcf7-response-output\" aria-hidden=\"true\"><\/div>\n<\/form>\n<\/div>\n<\/div>\n\n\n\n<p><\/p>\n","protected":false},"excerpt":{"rendered":"<p>About us Afterdark is a project focused on electronic music, underground culture and unforgettable night events. Our goal is to create unique music experiences that combine techno, house and modern club atmosphere. CONTACT US<\/p>\n","protected":false},"author":1,"featured_media":0,"parent":0,"menu_order":0,"comment_status":"closed","ping_status":"closed","template":"page-no-title","meta":{"footnotes":""},"class_list":["post-8","page","type-page","status-publish","hentry"],"_links":{"self":[{"href":"https:\/\/ine-predmety.ucimesaweby.sk\/ptw\/chudovska\/wp-json\/wp\/v2\/pages\/8","targetHints":{"allow":["GET"]}}],"collection":[{"href":"https:\/\/ine-predmety.ucimesaweby.sk\/ptw\/chudovska\/wp-json\/wp\/v2\/pages"}],"about":[{"href":"https:\/\/ine-predmety.ucimesaweby.sk\/ptw\/chudovska\/wp-json\/wp\/v2\/types\/page"}],"author":[{"embeddable":true,"href":"https:\/\/ine-predmety.ucimesaweby.sk\/ptw\/chudovska\/wp-json\/wp\/v2\/users\/1"}],"replies":[{"embeddable":true,"href":"https:\/\/ine-predmety.ucimesaweby.sk\/ptw\/chudovska\/wp-json\/wp\/v2\/comments?post=8"}],"version-history":[{"count":9,"href":"https:\/\/ine-predmety.ucimesaweby.sk\/ptw\/chudovska\/wp-json\/wp\/v2\/pages\/8\/revisions"}],"predecessor-version":[{"id":33,"href":"https:\/\/ine-predmety.ucimesaweby.sk\/ptw\/chudovska\/wp-json\/wp\/v2\/pages\/8\/revisions\/33"}],"wp:attachment":[{"href":"https:\/\/ine-predmety.ucimesaweby.sk\/ptw\/chudovska\/wp-json\/wp\/v2\/media?parent=8"}],"curies":[{"name":"wp","href":"https:\/\/api.w.org\/{rel}","templated":true}]}}